-2*s = 2*i - 214. Calculate the remainder when s is divided by 9.
3
Suppose -2867*q + 2232 = -2855*q. What is the remainder when q is divided by 173?
13
Calculate the remainder when 18 is divided by (1/((-8)/(-60)))/(4/8).
3
Let n be 4/10 - (-2)/(-5). Suppose -2*k - 3 + 5 = n. What is the remainder when 80*1 + k/1 is divided by 21?
18
Let q(h) = -h**3 - 5*h**2 + 7*h - 2. What is the remainder when 351 is divided by q(-7)?
22
Let x = -7 - -11. Suppose 0 = w + 2*r - 48, -x*r - 132 = -3*w - w. Let q(i) = -3*i + 13. What is the remainder when w is divided by q(0)?
12
Suppose -2*f = -8*f + 312. Suppose -43 = -3*h - q + f, 4*h + q = 127. What is the remainder when h is divided by 12?
8
Let n = 11 + -9. Suppose 6*z = 2*s + n*z - 20, 5*s - 120 = -4*z. Suppose a - 148 = -4*a - q, s = a - 3*q. Calculate the remainder when 115 is divided by a.
28
What is the remainder when 384 is divided by -6 - (-6 - (53 + 2))?
54
Let s = -180 - -211. What is the remainder when s is divided by 18?
13
Let k(a) = a**2 + 6*a + 9. Let j be k(-5). Suppose j*l - 249 = 3*u, -3*l - 5*u + 192 = -2*u. Calculate the remainder when l is divided by 16.
15
Let w = -4 + 8. Suppose 4*o - 10 = -5*g, w*o + 4 = 2*g + o. Suppose 2*y + 3*m = 82, g*m + 164 = 4*y - 2*m. What is the remainder when y is divided by 14?
13
Let f = 270 + -250. Calculate the remainder when 39 is divided by f.
19
Let c(k) = -k**3 - 3*k**2 - 4*k - 1. Let y(i) = i**3 - i. Let w be y(1). Let x be -6 + (1 - w - -1). What is the remainder when 121 is divided by c(x)?
28
Let p(x) = 60*x - 85. Calculate the remainder when p(3) is divided by 17.
10
Suppose 0 = 3*w - 0*w - 12. What is the remainder when 70 is divided by (10/w)/((-1)/(-6))?
10
Let w(b) = -2*b**3 + 105*b**2 - 47*b - 253. Suppose -4*r = -24 - 112. What is the remainder when r is divided by w(52)?
6
Let m(p) = -13*p - 319. What is the remainder when m(-40) is divided by 95?
11
Suppose 8*x + 56 - 8 = 0. Calculate the remainder when 40 is divided by (-9)/x*(-44)/(-6).
7
Suppose -509 = -7*t + 156. Let i = -79 + t. Calculate the remainder when 0 - 30*6/(-4) is divided by i.
13
Let u be 3*(6/9 - 1). What is the remainder when 41 is divided by u/2*-1*28?
13
Suppose 18*w = 46*w - 5124. What is the remainder when w is divided by 17?
13
Let q(d) = -3*d**3 + d**2 - 3*d + 1. Calculate the remainder when 100 is divided by q(-2).
30
Let i(j) = 2*j + 7. Let n be i(-2). Calculate the remainder when 65 is divided by (0 - n - (-10 + -4))/1.
10
Let k(f) = 2*f**3 - 3*f**2 + 3*f. Let s be k(1). Suppose -2*o + 18 = -2*i + 4*i, 0 = -4*i - s*o + 26. What is the remainder when 21 is divided by i?
1
Let r = -23 + 13. Suppose 8*q = 11*q + 12. What is the remainder when 32 is divided by (-124)/r + q/10?
8
Let j = 26 - -1. What is the remainder when j is divided by -2*(-4)/((-32)/(-60))?
12
Let l(j) = 16*j - 71. What is the remainder when 316 is divided by l(6)?
16
Let h(v) = 2*v + 4*v + 6*v**3 - 4*v**3 - 3 - v**3. Calculate the remainder when h(4) is divided by 18.
13
Let o be (-168)/(-44) - 6/(-33). Suppose 24 - 68 = -o*s. Suppose z - 10 = s. Calculate the remainder when z is divided by 11.
10
What is the remainder when (14348/(-170))/((-2)/10) is divided by 47?
46
Suppose -46*v + 50*v - 72 = 0. What is the remainder when v is divided by 9?
0
Let j(s) = -s**2 + 16*s + 7. Let q(w) = w**3 - 23*w**2 - w + 35. What is the remainder when j(14) is divided by q(23)?
11
Let l = 1999 - 1669. Calculate the remainder when l is divided by 108.
6
Suppose 0*i + 8 = i. Let r = -28 + i. What is the remainder when 58 is divided by (-274)/(-18) - r/(-90)?
13
Let t be ((4 - 5) + (-5)/3)*-12. Let j = -26 + t. What is the remainder when 28 is divided by j?
4
Suppose 63 = 2*s + 5*t, 3*s = -s + 3*t + 165. Let y be -11 + (-378)/(-35) - 31/(-5). Let v = 4 + y. What is the remainder when s is divided by v?
9
Suppose -2*v - x = -0*x - 152, -4*x - 16 = 0. Suppose -g = -2*g + v. What is the remainder when g is divided by 27?
24
Calculate the remainder when (-3*17)/(5 + -12 + 6) is divided by (-135)/(-10) + (-1 - 2/(-4)).
12
Let k be (-6)/4*(-56)/21. Suppose 0 = k*w - 8 - 180. What is the remainder when w is divided by 25?
22
Suppose 4*p - 69 = -4*g + 23, 3*g + p - 79 = 0. What is the remainder when g + (-1 + 3 - -1) is divided by (-3 - 16/(-2)) + (1 - -2)?
7
Suppose 5*m - 24 - 6 = 0. Suppose -76 = -m*l + 146. What is the remainder when l is divided by 13?
11
Let w(i) = -3*i**2 + 7*i - 5. Let s(q) = -q**2 + q + 1. Let c(a) = 2*s(a) - w(a). Let j be c(5). Let z = 0 + j. Calculate the remainder when z is divided by 5.
2
Suppose 6*a - 7*a - 206 = -2*w, 3*a + 210 = 2*w. Calculate the remainder when w is divided by 59.
43
Let q(l) = 21*l**2. Let y be q(1). Suppose y + 60 = 3*p. Calculate the remainder when 49 is divided by p.
22
Let a(s) = 37*s - 7. Let m = 26 - 24. What is the remainder when a(m) is divided by 35?
32
Let t(u) = -2*u - 12. Let c be t(-4). Let o(j) = -3*j + 2. Calculate the remainder when 26 is divided by o(c).
12
Suppose -3*q + 4*x = -93, -3*q = -6*q + 3*x + 90. What is the remainder when q is divided by 10?
7
Suppose 5*t - 66*i - 90 = -71*i, 0 = -3*t + 5*i + 46. Calculate the remainder when 319 is divided by t.
13
Let u = 3583 - 3568. What is the remainder when 2*(-13)/4*-18 is divided by u?
12
Suppose -6*x - 6 = -336. Calculate the remainder when 767 is divided by x.
52
Let t be 238/70 + (-2)/5. Suppose -c = -4*c + 9, 0 = 4*u - 2*c - 146. What is the remainder when u is divided by t - (-5 - 0)*2?
12
Let n = 124 + -185. Let g = -19 - n. What is the remainder when g is divided by 15?
12
Let u(h) = -h + 31. Let c = 65 + -78. Calculate the remainder when 126 is divided by u(c).
38
Let z = 186 - 120. Let t = 22 - 25. What is the remainder when z is divided by (6/(-8))/t - 91/(-4)?
20
Let l = -19 + 27. Let y(d) = d**3 - 4*d**2 - 3*d - 7. Calculate the remainder when l is divided by y(5).
2
Let m = -73 - -73. Suppose 4*a + 6*n - 2*n - 816 = m, a - 4*n = 219. What is the remainder when a is divided by 42?
39
Let j = 71 + -40. Suppose 81 = 8*a - j. Calculate the remainder when a is divided by 5.
4
Let b(m) = -m**3 + 23*m**2 - 38*m - 45. Calculate the remainder when 189 is divided by b(21).
33
Let l be 2/(-5) - 172/20. Let f = 6 - l. What is the remainder when f is divided by 5?
0
Let d be -2 - -11 - (2 - -2). Suppose -d*b + 160 = -b. What is the remainder when b is divided by 14?
12
Suppose -168 = 7*z - 3*z. Let d = z + 82. Let f = 56 + d. What is the remainder when f is divided by 33?
30
Suppose 4*c = 17*y - 16*y + 191, -y + 201 = 4*c. Calculate the remainder when c is divided by 35.
14
Let p = -835 - -859. Calculate the remainder when p is divided by 9.
6
Let k be (-50)/(-8) + 3/(-12). Suppose -v = -k*v. Suppose -h + 13 = 2*m, 0 = -3*h - v*h - 4*m + 43. What is the remainder when h is divided by 6?
5
Suppose -v - 6 = -j - 3*v, 4*j - v - 6 = 0. Calculate the remainder when 18 is divided by -4 - (0 + -8 - (j - 1)).
3
Let w = 686 - 472. What is the remainder when w is divided by 18?
16
Let t(r) = -6*r + 34. Calculate the remainder when t(0) is divided by 18.
16
Calculate the remainder when 203 is divided by 42/12*(0 + 10).
28
Let i = 12 - 18. Let f(s) = -s**3 - 5*s**2 + 3*s - 6. Let c(z) = 2*z**2 + 11*z - 5. Calculate the remainder when c(-8) is divided by f(i).
11
Let k = 58 - 1. Suppose 7*m - k = 4*m. What is the remainder when m is divided by 10?
9
Suppose -v - 3*o + o + 527 = 0, 2099 = 4*v - o. What is the remainder when v is divided by 33?
30
Let k(f) = 23*f**3 - f. What is the remainder when (12 - (-7 - -15)) + 59 is divided by k(1)?
19
Suppose 20*z = -3592 + 12692. Calculate the remainder when z is divided by 27.
23
Let z = 17 + -21. Let f(c) = 3*c + 30. What is the remainder when 86 is divided by f(z)?
14
Suppose 5*z + 0*z - 3*y = 260, 4*y + 216 = 4*z. Suppose 0 = 5*n - 4 + z. Let d = n - -19. What is the remainder when 39 is divided by d?
9
Let t = 11 + -31. Suppose 4*l + 20 = -4*d, 3*d - 3*l - 10 = -l. Let k = d - t. What is the remainder when 79 is divided by k?
19
Let j be 3 + (-3)/(-3) + -1. Suppose -j*o + 5*l = 6, 0 = -4*o - 5*l - 7 + 34. Suppose 0 = 5*m + o - 83. What is the remainder when 31 is divided by m?
15
Suppose 331 = 7*p - 614. What is the remainder when p is divided by 46?
43
Suppose